6*f(m) - 17*p(m). What is the remainder when d(-10) is divided by 7?
5
Let l(x) = -x**2 + 9*x + 2. Let a(d) = 9*d. What is the remainder when a(7) is divided by l(7)?
15
Suppose -5*x = f - 83, -4*x + 62 = -0*f + 3*f. What is the remainder when 67 is divided by x?
16
Suppose 4*c - 4*l + 18 = 3*c, 4*l = 3*c + 70. Calculate the remainder when (c/8 + 0)*-4 is divided by 4.
1
Suppose 6 + 62 = s. Let n = s - 34. Calculate the remainder when n is divided by 12.
10
Let a(k) be the first derivative of 2*k**3/3 + 3*k**2 - k - 10. Let t = -2 + 6. What is the remainder when a(t) is divided by 19?
17
Calculate the remainder when 2 is divided by 2*2 + -6 + 4.
0
Calculate the remainder when 4/14 - 3560/(-35) is divided by 26.
24
Suppose -5*l - 217 = -12*l. Calculate the remainder when l is divided by 11.
9
Calculate the remainder when (-3)/(((-9)/39)/1) is divided by 5.
3
Let p(i) = -i**3 - 25*i**2 - 27*i - 38. Calculate the remainder when p(-24) is divided by 21.
13
Suppose -4*o + 4 = 4*b, 3*o - 3*b - 15 = -2*b. What is the remainder when 16 is divided by o?
0
Let c = 525 - 221. What is the remainder when c is divided by 18?
16
Let g be -1*(0 - (4 + -3)). Suppose -5*z + 5 = 4*j, -2*z - 4*j - g = -3. What is the remainder when 39 is divided by (0 - 2)/(z/(-5))?
9
Suppose -9*m + 13 = -23. Calculate the remainder when 15 is divided by m.
3
Let o(u) = 8 + u**2 + 0*u + u**3 + 3*u + 1 - 2*u. Calculate the remainder when 15 is divided by o(0).
6
Let w = 21 + -7. What is the remainder when 111 is divided by w?
13
Suppose 0 = 15*y - 14*y - 2. Suppose -5*s + y*s - 2*x = -58, 2*s = -x + 40. Calculate the remainder when s is divided by 6.
4
Suppose 0 = -0*p + 3*p + 3*z - 18, -2*p = -4*z - 12. Calculate the remainder when 23 is divided by p.
5
Let j be (0 + 50)*1 - -1. Let c = j + -14. Calculate the remainder when c is divided by 10.
7
Let p(k) be the first derivative of 3*k**3 + 2 + 6*k - 1/4*k**4 - 2*k**2. What is the remainder when p(8) is divided by 13?
12
Calculate the remainder when (-1)/(35/28) - (-88)/10 is divided by 8/(-3)*3/(-2).
0
Let h be (-6 - 4)/(2/4). Let n = 161 + h. What is the remainder when (n + 0)*2/6 is divided by 16?
15
Let x = 17 - 5. Calculate the remainder when 47 is divided by x.
11
Calculate the remainder when 49 is divided by ((-245)/2)/(-7) + (-3)/6.
15
Let n = -11 - -27. Suppose 2*r - 72 = -n. What is the remainder when 55 is divided by r?
27
Let y(r) = -r**3 + r**2 + r + 28. Suppose 3*c = -0*c. What is the remainder when y(c) is divided by 15?
13
Suppose 251*i - 252*i + 11 = 0. Let l be 0 - (-1 + (-2)/(-2)). Let j = 31 - l. What is the remainder when j is divided by i?
9
Suppose -3*y - 125 = -3*c + 19, 5*c + y - 234 = 0. Calculate the remainder when c is divided by 12.
11
Suppose -3*l - 2*l = -30. Let n be 2/l + (-34)/(-6). Suppose 4*y - 37 = -5*g, -y + n = -3*g + 1. Calculate the remainder when 22 is divided by y.
6
Suppose 2*s + y - 69 = 0, 5*s + 5*y - 38 = 147. Suppose -3*o - 6 = 3*v - 24, 10 = 4*o - 3*v. What is the remainder when s is divided by ((-22)/o)/(2/(-4))?
10
Suppose 64 = 4*k - y + 3*y, 5*k - 62 = 2*y. Suppose -4*a = 2*h - 2*a + 16, 2*h = a - 19. What is the remainder when h/(-12)*36/1 is divided by k?
13
Let o(i) = -i**3 + 4*i**2 + i - 1. Suppose 0 = 3*h - 3*t - 12, 7 = 2*h - 2*t + t. Suppose -4 = 2*l - h*l. Calculate the remainder when l is divided by o(4).
1
Suppose 340 = 9*a + a. What is the remainder when 65 is divided by a?
31
Let r(h) = h**2 - 10*h + 14. Calculate the remainder when 26 is divided by r(10).
12
Let s be 1/2*408/4. Suppose -4 = 2*u, 3*m + 3*u - s - 30 = 0. Let a = m + -18. Calculate the remainder when a is divided by 4.
3
Let q be (2/(-5))/(1/(-5)). Suppose 4*a - 9 = 4*z + 19, -z + q*a = 3. Let n(f) = -2*f - 9. Calculate the remainder when 25 is divided by n(z).
12
Let d = -3 + 3. Suppose -4*p + 35 + 21 = d. Calculate the remainder when p is divided by 5.
4
Let w = -62 + 110. Calculate the remainder when w is divided by 17.
14
Let x(q) = q**2 + q. Suppose 0*f = f + 2. What is the remainder when 3 is divided by x(f)?
1
Let o(b) = b**3 + 13*b**2 + 23*b + 13. Suppose -4*d = -5*j + 7, -d + 4*j = 5*j - 5. Calculate the remainder when d is divided by o(-11).
0
Let n = 19 - 24. Suppose 0 = -0*h - h + 18. Calculate the remainder when ((-4)/n)/(1/65) is divided by h.
16
Suppose -69 = -8*i + 51. What is the remainder when 70 is divided by i?
10
Let q = 4 - -15. Calculate the remainder when 54 is divided by q.
16
Suppose -4*d + 37 - 11 = -2*v, -3*d + 18 = -v. Let p(h) = 2*h + 2. Calculate the remainder when p(6) is divided by d.
4
Suppose -w - 3*w = -744. Calculate the remainder when w is divided by 21.
18
Suppose -m + 7 = -2*g, -m + 5*m - 5*g = 28. Calculate the remainder when 33 is divided by m.
5
Let j(w) = w**2 - 4*w + 5. Let d be j(4). Suppose 2*v - d - 3 = 0. What is the remainder when 14 is divided by v?
2
Suppose -6 = -2*q + x + 8, 0 = -4*q - 5*x + 42. Let j = 1 + 1. Suppose 0 = -j*s + 4 + 6. What is the remainder when q is divided by s?
3
Let m be (-3 + 3)/1 - 0. Suppose m = -j - 5, i + i + 2*j = 26. What is the remainder when 53 is divided by i?
17
Suppose -5*f = -3*s - 19, -s = 3*s + 12. Suppose 3*t = -f*t + 10. Calculate the remainder when (-182)/(-3) + t/6 is divided by 21.
19
Suppose 374 = 4*i - 338. What is the remainder when i is divided by 45?
43
Suppose 5*d + 57 = 267. Suppose 5*p + d - 137 = 0. Calculate the remainder when p is divided by 10.
9
Suppose m + 3 - 71 = -5*c, -10 = 5*m. What is the remainder when 67 is divided by c?
11
Let g(r) = r**2 - 2*r + 2. What is the remainder when g(5) is divided by 9?
8
Let v = -22 - -40. What is the remainder when 71 is divided by v?
17
Let h(j) = -j**3 - j**2 + j + 31. Calculate the remainder when h(0) is divided by 12.
7
What is the remainder when 57 is divided by (5 + -6)*(1 - 16)?
12
Suppose -j + 39 + 24 = 0. What is the remainder when j is divided by 22?
19
Suppose 4*o = -2*x - 3*x + 75, -4*o + 85 = -5*x. Let t = 29 - -29. What is the remainder when t is divided by o?
18
Suppose -2*t = -30 - 38. Calculate the remainder when t is divided by 7.
6
Let f(s) = 3*s**3 - s**2 + s + 2. Let d(h) = h**2 - 3*h - 2. Let k be d(4). What is the remainder when 95 is divided by f(k)?
23
Let r(p) be the first derivative of p**3/3 - 3*p**2 - 4*p + 2. Let s be r(6). Calculate the remainder when 37 is divided by ((-39)/6)/(2/s).
11
Let y = -12 - -17. Suppose -2*u = -5*u + 24. What is the remainder when u is divided by y?
3
Let l(c) = -c - 11. What is the remainder when l(-15) is divided by 1 + (-2 + 1)*-1?
0
Suppose 16*x - 17*x + 39 = 0. Calculate the remainder when 115 is divided by x.
37
Let z(c) = -18*c - 14*c + 1 - 2 - 1. Let h be z(-3). Suppose -2*a + 4*a - h = 0. What is the remainder when a is divided by 16?
15
Let g be (12/(-8))/((-1)/(-14)). What is the remainder when 13 is divided by 2/(-7) - 153/g?
6
Let f = -2 - -5. Suppose 44 = 7*g - f*g. Calculate the remainder when 31 is divided by g.
9
Suppose 3*a - 29 - 1 = -3*z, 0 = 4*a - 4. What is the remainder when 12 is divided by z?
3
Let m be -4*(-3)/12 - -1. Suppose m*f = 6*f - 80. What is the remainder when 79 is divided by f?
19
Let c = -8 + 5. Calculate the remainder when (-1 - 6/c) + 28 is divided by 10.
9
What is the remainder when ((-46)/1)/((-8)/(4/1)) is divided by 6?
5
Calculate the remainder when (-1062)/(-12)*12/9 is divided by 17.
16
Let f(w) = 2*w**2 - 5*w - 20. Calculate the remainder when f(-4) is divided by 5.
2
Suppose -2*t = -4*w - 20, 3*t = -2*w - 3*w - 3. Suppose 3*a = -5*k + 40, 5 - 13 = -t*k. What is the remainder when 28 is divided by a?
8
Suppose 0 = 5*z + 3*a - 13375, 7*z + 4*a - 10708 = 3*z. What is the remainder when (-1)/2 + z/32 is divided by 28?
27
Let t be 1/(-5) - (-18)/15. Let h be 5/3 - t/(-3). Suppose -5*w + 2*a = -16, -a - h = -4*w - 3*a. What is the remainder when 3 is divided by w?
1
Suppose -3*b - 78 = -0*b. Let r be b/8 + (-2)/(-8). Let u = r + 8. What is the remainder when 8 is divided by u?
3
Calculate the remainder when 2/(-10) - (-2128)/40 is divided by 11.
9
Let r(j) = 2*j**2 + 2*j - 1. Let t be r(1). Let a = 10 - 6. Suppose a*x - 28 = t*x. What is the remainder when x is divided by 15?
13
Calculate the remainder when -58*((-9)/6 + 1) is divided by 1*17 - (0 - -2).
